{"id":517,"date":"2023-03-26T15:17:46","date_gmt":"2023-03-26T15:17:46","guid":{"rendered":"https:\/\/gabaritojuridico.com.br\/?page_id=517"},"modified":"2024-03-28T14:16:19","modified_gmt":"2024-03-28T17:16:19","slug":"home-2","status":"publish","type":"page","link":"https:\/\/gabaritojuridico.com.br\/?page_id=517","title":{"rendered":"Sobre"},"content":{"rendered":"<div class=\"wpb-content-wrapper\"><p style=\"text-align: left;\">[vc_row][vc_column][vc_column_text css=&#8221;.vc_custom_1690910823997{margin-left: 100px !important;border-right-width: 100px !important;padding-right: 250px !important;padding-left: 250px !important;}&#8221;]<img loading=\"lazy\" decoding=\"async\" class=\"wp-image-791 size-medium alignright\" src=\"https:\/\/gabaritojuridico.com.br\/wp-content\/uploads\/2024\/03\/rafael2-300x300.jpg\" alt=\"\" width=\"300\" height=\"300\" srcset=\"https:\/\/gabaritojuridico.com.br\/wp-content\/uploads\/2024\/03\/rafael2-300x300.jpg 300w, https:\/\/gabaritojuridico.com.br\/wp-content\/uploads\/2024\/03\/rafael2-150x150.jpg 150w, https:\/\/gabaritojuridico.com.br\/wp-content\/uploads\/2024\/03\/rafael2-75x75.jpg 75w, https:\/\/gabaritojuridico.com.br\/wp-content\/uploads\/2024\/03\/rafael2-350x350.jpg 350w, https:\/\/gabaritojuridico.com.br\/wp-content\/uploads\/2024\/03\/rafael2.jpg 600w\" sizes=\"auto, (max-width: 300px) 100vw, 300px\" \/>Me chamo Rafael Kriek Lucena Cavalcanti, sou natural do Recife\/PE e me formei em Direito pela Universidade Cat\u00f3lica de Pernambuco em 2011, mesmo ano em que fui aprovado no Exame da OAB.<\/p>\n<p style=\"text-align: left;\">Em mar\u00e7o de 2013 fui aprovado no concurso de t\u00e9cnico judici\u00e1rio do TJDFT, tendo sido nomeado em agosto daquele ano. Ocupei o cargo durante 3 anos e 8 meses, quando fui nomeado na PGM Goi\u00e2nia, onde exerci a fun\u00e7\u00e3o de Procurador do Munic\u00edpio de novembro de 2016 a agosto de 2020, oportunidade na qual fui nomeado para a Procuradoria do Munic\u00edpio de S\u00e3o Lu\u00eds, cargo que ocupo at\u00e9 hoje.<\/p>\n<p style=\"text-align: left;\">Nesse per\u00edodo de estudos (2011\/2015) obtive 5 aprova\u00e7\u00f5es em PGMs (Goi\u00e2nia, S\u00e3o Lu\u00eds, Cuiab\u00e1, Salvador e Macei\u00f3).<\/p>\n<p style=\"text-align: left;\">Foram v\u00e1rios objetivos alcan\u00e7ados, mas muitos tamb\u00e9m n\u00e3o atingidos. Essa \u00e9 a trajet\u00f3ria dos concursos p\u00fablicos: nunca sabemos como vai terminar, mas se n\u00e3o desistirmos a chance de sermos recompensados \u00e9 grande.<\/p>\n<p style=\"text-align: left;\">O Gabarito Jur\u00eddico \u00e9 um meio de auxiliar nesta penosa caminhada dos concursos, com a disponibiliza\u00e7\u00e3o de materiais de revis\u00e3o para complementar o estudo tais como resumos, provas comentadas, artigos jur\u00eddicos, etc.<\/p>\n<p>Fiquem \u00e0 vontade e bons estudos![\/vc_column_text][\/vc_column][\/vc_row]<\/p>\n<\/div>","protected":false},"excerpt":{"rendered":"<p>[vc_row][vc_column][vc_column_text css=&#8221;.vc_custom_1690910823997{margin-left: 100px !important;border-right-width: 100px !important;padding-right: 250px !important;padding-left: 250px !important;}&#8221;]Me chamo Rafael Kriek Lucena Cavalcanti, sou natural do Recife\/PE e me formei em Direito pela Universidade Cat\u00f3lica de Pernambuco em 2011, mesmo ano em que fui aprovado no Exame da OAB. Em mar\u00e7o de 2013 fui aprovado no concurso de t\u00e9cnico judici\u00e1rio do TJDFT, tendo [&hellip;]<\/p>\n","protected":false},"author":1,"featured_media":0,"parent":0,"menu_order":0,"comment_status":"closed","ping_status":"closed","template":"template-builder.php","meta":{"footnotes":""},"class_list":["post-517","page","type-page","status-publish","hentry"],"_links":{"self":[{"href":"https:\/\/gabaritojuridico.com.br\/index.php?rest_route=\/wp\/v2\/pages\/517","targetHints":{"allow":["GET"]}}],"collection":[{"href":"https:\/\/gabaritojuridico.com.br\/index.php?rest_route=\/wp\/v2\/pages"}],"about":[{"href":"https:\/\/gabaritojuridico.com.br\/index.php?rest_route=\/wp\/v2\/types\/page"}],"author":[{"embeddable":true,"href":"https:\/\/gabaritojuridico.com.br\/index.php?rest_route=\/wp\/v2\/users\/1"}],"replies":[{"embeddable":true,"href":"https:\/\/gabaritojuridico.com.br\/index.php?rest_route=%2Fwp%2Fv2%2Fcomments&post=517"}],"version-history":[{"count":8,"href":"https:\/\/gabaritojuridico.com.br\/index.php?rest_route=\/wp\/v2\/pages\/517\/revisions"}],"predecessor-version":[{"id":796,"href":"https:\/\/gabaritojuridico.com.br\/index.php?rest_route=\/wp\/v2\/pages\/517\/revisions\/796"}],"wp:attachment":[{"href":"https:\/\/gabaritojuridico.com.br\/index.php?rest_route=%2Fwp%2Fv2%2Fmedia&parent=517"}],"curies":[{"name":"wp","href":"https:\/\/api.w.org\/{rel}","templated":true}]}}

<div class="wpb-content-wrapper"><p style="text-align: left;">[vc_row][vc_column][vc_column_text css=&#8221;.vc_custom_1690910823997{margin-left: 100px !important;border-right-width: 100px !important;padding-right: 250px !important;padding-left: 250px !important;}&#8221;]<img loading="lazy" decoding="async" class="wp-image-791 size-medium alignright" src="https://gabaritojuridico.com.br/wp-content/uploads/2024/03/rafael2-300x300.jpg" alt="" width="300" height="300" srcset="https://gabaritojuridico.com.br/wp-content/uploads/2024/03/rafael2-300x300.jpg 300w, https://gabaritojuridico.com.br/wp-content/uploads/2024/03/rafael2-150x150.jpg 150w, https://gabaritojuridico.com.br/wp-content/uploads/2024/03/rafael2-75x75.jpg 75w, https://gabaritojuridico.com.br/wp-content/uploads/2024/03/rafael2-350x350.jpg 350w, https://gabaritojuridico.com.br/wp-content/uploads/2024/03/rafael2.jpg 600w" sizes="auto, (max-width: 300px) 100vw, 300px" />Me chamo Rafael Kriek Lucena Cavalcanti, sou natural do Recife/PE e me formei em Direito pela Universidade Católica de Pernambuco em 2011, mesmo ano em que fui aprovado no Exame da OAB.</p>
<p style="text-align: left;">Em março de 2013 fui aprovado no concurso de técnico judiciário do TJDFT, tendo sido nomeado em agosto daquele ano. Ocupei o cargo durante 3 anos e 8 meses, quando fui nomeado na PGM Goiânia, onde exerci a função de Procurador do Município de novembro de 2016 a agosto de 2020, oportunidade na qual fui nomeado para a Procuradoria do Município de São Luís, cargo que ocupo até hoje.</p>
<p style="text-align: left;">Nesse período de estudos (2011/2015) obtive 5 aprovações em PGMs (Goiânia, São Luís, Cuiabá, Salvador e Maceió).</p>
<p style="text-align: left;">Foram vários objetivos alcançados, mas muitos também não atingidos. Essa é a trajetória dos concursos públicos: nunca sabemos como vai terminar, mas se não desistirmos a chance de sermos recompensados é grande.</p>
<p style="text-align: left;">O Gabarito Jurídico é um meio de auxiliar nesta penosa caminhada dos concursos, com a disponibilização de materiais de revisão para complementar o estudo tais como resumos, provas comentadas, artigos jurídicos, etc.</p>
<p>Fiquem à vontade e bons estudos![/vc_column_text][/vc_column][/vc_row]</p>
</div>

<p>[vc_row][vc_column][vc_column_text css=&#8221;.vc_custom_1690910823997{margin-left: 100px !important;border-right-width: 100px !important;padding-right: 250px !important;padding-left: 250px !important;}&#8221;]Me chamo Rafael Kriek Lucena Cavalcanti, sou natural do Recife/PE e me formei em Direito pela Universidade Católica de Pernambuco em 2011, mesmo ano em que fui aprovado no Exame da OAB. Em março de 2013 fui aprovado no concurso de técnico judiciário do TJDFT, tendo [&hellip;]</p>
